s 9 a factor of 4985?
False
Is 351 a multiple of 6?
False
Does 38 divide 646?
True
Is 6234 a multiple of 16?
False
Is 14 a factor of 5488?
True
Does 18 divide 22778?
False
Is 74 a factor of 1562?
False
Is 18107 a multiple of 23?
False
Does 40 divide 1863?
False
Is 26000 a multiple of 40?
True
Is 14608 a multiple of 28?
False
Does 45 divide 1125?
True
Is 10948 a multiple of 35?
False
Is 4202 a multiple of 52?
False
Is 170 a multiple of 10?
True
Is 7 a factor of 49?
True
Does 8 divide 1366?
False
Does 162 divide 10854?
True
Is 9459 a multiple of 2?
False
Is 31 a factor of 3924?
False
Is 13 a factor of 2379?
True
Is 153 even?
False
Is 25 a factor of 406?
False
Is 788 a multiple of 28?
False
Is 5 a factor of 22?
False
Does 12 divide 841?
False
Does 63 divide 836?
False
Is 6 a factor of 3552?
True
Does 5 divide 44639?
False
Is 997 a multiple of 5?
False
Is 56 a factor of 2128?
True
Does 41 divide 27962?
True
Is 11 a factor of 520?
False
Does 30 divide 1500?
True
Is 149 a factor of 4087?
False
Does 127 divide 6276?
False
Does 29 divide 13612?
False
Does 399 divide 18941?
False
Is 38 a factor of 222?
False
Is 122 a multiple of 2?
True
Is 12943 a multiple of 7?
True
Does 6 divide 569?
False
Does 2 divide 3352?
True
Does 4 divide 2227?
False
Does 95 divide 1045?
True
Does 42 divide 1093?
False
Is 12252 a multiple of 26?
False
Is 62 a factor of 56234?
True
Is 642 even?
True
Is 2666 a multiple of 26?
False
Is 92 a factor of 1656?
True
Is 2 a factor of 596?
True
Is 5261 a multiple of 11?
False
Is 284 a multiple of 71?
True
Is 10 a factor of 6049?
False
Is 90 a factor of 2430?
True
Is 11 a factor of 238?
False
Is 1446 a multiple of 42?
False
Is 37 a factor of 43068?
True
Is 240 a multiple of 4?
True
Is 37 a factor of 2857?
False
Does 13 divide 312?
True
Is 49 a factor of 15631?
True
Does 5 divide 24270?
True
Is 323 even?
False
Does 120 divide 6240?
True
Is 1694 a multiple of 9?
False
Is 47 a multiple of 5?
False
Does 107 divide 62945?
False
Does 3 divide 66?
True
Is 569 a multiple of 30?
False
Is 5 a factor of 408?
False
Does 24 divide 336?
True
Is 23856 a multiple of 71?
True
Is 224 a multiple of 14?
True
Does 63 divide 3339?
True
Is 19448 a multiple of 136?
True
Is 73 a factor of 5298?
False
Does 24 divide 1944?
True
Is 695 a multiple of 22?
False
Is 53 a factor of 742?
True
Is 35 a factor of 215?
False
Is 6 a factor of 38380?
False
Is 6678 a multiple of 14?
True
Is 840 a multiple of 6?
True
Does 27 divide 568?
False
Does 35 divide 1540?
True
Does 20 divide 8238?
False
Does 54 divide 2120?
False
Is 27 a factor of 1350?
True
Does 185 divide 32745?
True
Is 8772 a multiple of 12?
True
Is 10 a factor of 89?
False
Is 12159 a multiple of 193?
True
Does 40 divide 2968?
False
Is 193 a multiple of 3?
False
Does 71 divide 15478?
True
Does 114 divide 14937?
False
Is 19 a factor of 1458?
False
Is 13 a factor of 286?
True
Does 71 divide 422?
False
Is 26 a factor of 2782?
True
Is 10 a factor of 793?
False
Is 7 a factor of 4870?
False
Is 267 a factor of 91965?
False
Is 23 a factor of 17433?
False
Is 69 a factor of 1104?
True
Does 54 divide 11276?
False
Does 123 divide 3170?
False
Does 23 divide 3463?
False
Is 7682 a multiple of 23?
True
Is 4 a factor of 36301?
False
Is 8 a factor of 56?
True
Is 15244 a multiple of 37?
True
Does 17 divide 5623?
False
Does 23 divide 2116?
True
Is 10 a factor of 4416?
False
Is 977 a multiple of 13?
False
Does 44 divide 11514?
False
Does 27 divide 1640?
False
Is 7 a factor of 191?
False
Does 16 divide 12633?
False
Is 10 a factor of 190?
True
Is 3556 a multiple of 93?
False
Does 8 divide 824?
True
Is 124 a factor of 34324?
False
Is 14352 a multiple of 208?
True
Does 2 divide 265?
False
Is 42 a factor of 620?
False
Does 103 divide 14342?
False
Does 68 divide 968?
False
Is 17 a factor of 5020?
False
Is 3438 a multiple of 70?
False
Is 586 a multiple of 11?
False
Is 104 a factor of 28830?
False
Is 100 a factor of 380?
False
Does 100 divide 8487?
False
Does 95 divide 5562?
False
Does 25 divide 3214?
False
Is 36500 a multiple of 100?
True
Does 15 divide 660?
True
Is 3800 a multiple of 95?
True
Is 4366 a multiple of 13?
False
Is 274 a multiple of 4?
False
Is 1289 a multiple of 19?
False
Is 198 a multiple of 22?
True
Does 23 divide 27349?
False
Is 198 a multiple of 7?
False
Is 532 a multiple of 24?
False
Does 35 divide 1015?
True
Does 19 divide 865?
False
Does 29 divide 1856?
True
Is 5 a factor of 271?
False
Is 149 a multiple of 2?
False
Is 54 a multiple of 18?
True
Is 6740 a multiple of 41?
False
Is 501 a multiple of 33?
False
Is 15 a factor of 105329?
False
Is 981 a multiple of 9?
True
Does 188 divide 31859?
False
Is 20821 a multiple of 122?
False
Is 7 a factor of 1994?
False
Is 25 a factor of 2555?
False
Does 8 divide 3424?
True
Is 39 a factor of 4251?
True
Does 30 divide 2160?
True
Is 715 a multiple of 22?
False
Does 123 divide 8722?
False
Is 94 a factor of 3822?
False
Is 6275 a multiple of 10?
False
Does 5 divide 40079?
False
Is 400 a multiple of 10?
True
Does 67 divide 17688?
True
Is 102 a factor of 46818?
True
Is 3094 a multiple of 14?
True
Does 37 divide 2978?
False
Does 78 divide 772?
False
Is 3 a factor of 10620?
True
Is 126 a multiple of 42?
True
Is 304 a multiple of 32?
False
Does 16 divide 4888?
False
Is 26674 a multiple of 53?
False
Is 575 a multiple of 25?
True
Does 27 divide 12348?
False
Does 19 divide 608?
True
Is 14 a factor of 20165?
False
Does 37 divide 1005?
False
Is 5852 a multiple of 22?
True
Does 132 divide 51479?
False
Is 18 a factor of 324?
True
Is 29 a factor of 26680?
True
Is 5 a factor of 88?
False
Does 27 divide 1674?
True
Does 10 divide 290?
True
Does 9 divide 2890?
False
Is 2043 a multiple of 22?
False
Does 35 divide 26394?
False
Does 3 divide 690?
True
Is 3642 a multiple of 3?
True
Is 1071 a multiple of 63?
True
Does 99 divide 166716?
True
Is 144 a multiple of 8?
True
Is 2464 a multiple of 176?
True
Is 9 a factor of 405?
True
Is 22 a factor of 5926?
False
Does 21 divide 1843?
False
Does 16 divide 312?
False
Is 2866 a multiple of 75?
False
Is 232 a factor of 72848?
True
Does 19 divide 215?
False
Is 2058 a multiple of 37?
False
Is 20 a factor of 1620?
True
Is 2 a factor of 1421?
False
Does 29 divide 6372?
False
Does 55 divide 3080?
True
Is 14 a factor of 1792?
True
Does 67 divide 134?
True
Is 2460 a multiple of 20?
True
Does 51 divide 523?
False
Is 12 a factor of 5427?
False
Is 36 a factor of 2988?
True
Is 14 a factor of 40908?
True
Does 24 divide 1824?
True
Is 756 a multiple of 3?
True
Is 2712 a multiple of 94?
False
Is 109298 a multiple of 81?
False
Is 694 a multiple of 39?
False
Is 21 a factor of 7182?
True
Is 112 a factor of 15568?
True
Is 10 a factor of 21820?
True
Is 2196 a multiple of 9?
True
Is 24 a factor of 5001?
False
Does 17 divide 12495?
True
Does 219 divide 39201?
True
Does 11 divide 6330?
False
Does 12 divide 15456?
True
Is 36 a factor of 1440?
True
Is 4102 a multiple of 12?
False
Does 15 divide 12422?
False
Is 12 a factor of 173243?
False
Is 8816 a multiple of 16?
True
Is 1078 a multiple of 22?
True
Is 16 a factor of 42400?
True
Is 3 a factor of 288?
True
Is 72 a multiple of 10?
False
Is 31 a factor of 3532?
False
Does 12 divide 10368?
True
Is 4203 a multiple of 9?
True
Is 28 a factor of 22095?
False
Does 9 divide 137?
False
Is 27 a factor of 5375?
False
Is 31 a factor of 372?
True
Is 80 a factor of 1939?
False
Is 14 a factor of 19928?
False
Does 6 divide 54?
True
Is 10 a factor of 74620?
True
Is 5580 a multiple of 20?
True
Is 75 a factor of 390?
False
Is 23 a factor of 563?
False
Is 2240 a multiple of 32?
True
Is 26 a factor of 130?
True
Does 175 divide 6015?
False
Does 5 divide 55?
True
Is 102 a multiple of 51?
True
Does 9 divide 4052?
False
Is 4195 a multiple of 18?
False
Is 448 a multiple of 8?
True
Is 1143 a multiple of 3?
True
Is 8 a factor of 2544?
True
Is 31944 a multiple of 11?
True
Is 12874 a multiple of 82?
True
Does 45 divide 44055?
True
Is 1718 even?
True
Is 7 a factor of 20461?
True
Is 1071 a multiple of 17?
True
Does 14 divide 19009?
False
Does 18 divide 40554?
True
Is 4 a factor of 1596?
True
Does 39 divide 312?
True
Is 1725 a multiple of 69?
True
Is 10 a factor of 21150?
True
Is 407 a multiple of 37?
True
Is 160 a factor of 4009?
False
Is 4225 a multiple of 304?
False
Is 10285 a m